
False
Is 1657 a multiple of 4?
False
Is 9 a factor of 3539?
False
Is 17 a factor of 855?
False
Does 113 divide 6515?
False
Is 76 a multiple of 3?
False
Does 2 divide 5492?
True
Does 31 divide 93217?
True
Is 3538 a multiple of 8?
False
Does 15 divide 90?
True
Is 40 a factor of 1880?
True
Is 7 a factor of 21?
True
Does 12 divide 1008?
True
Is 85 a factor of 340?
True
Is 27 a factor of 621?
True
Is 323 a multiple of 19?
True
Is 1550 a multiple of 10?
True
Is 24724 a multiple of 14?
True
Does 8 divide 95?
False
Is 438 a multiple of 73?
True
Is 20 a factor of 1200?
True
Is 31 a factor of 620?
True
Does 468 divide 41315?
False
Is 2283 a multiple of 5?
False
Does 10 divide 1549?
False
Is 46670 a multiple of 182?
False
Is 989 a multiple of 24?
False
Does 13 divide 2143?
False
Is 11326 a multiple of 24?
False
Does 73 divide 71102?
True
Is 459 a multiple of 22?
False
Is 8528 a multiple of 104?
True
Is 19 a factor of 13186?
True
Is 15111 a multiple of 23?
True
Is 85520 a multiple of 16?
True
Is 84 a multiple of 14?
True
Is 12 a factor of 108?
True
Is 7454 a multiple of 69?
False
Is 927 a multiple of 3?
True
Does 10 divide 4969?
False
Is 994 a multiple of 71?
True
Is 329 a multiple of 17?
False
Is 3 a factor of 126?
True
Is 25 a factor of 27097?
False
Is 12 a factor of 13691?
False
Does 15 divide 28290?
True
Does 15 divide 735?
True
Is 11 a factor of 83953?
False
Does 329 divide 54943?
True
Is 78240 a multiple of 226?
False
Does 10 divide 370?
True
Does 355 divide 35827?
False
Is 4 a factor of 1761?
False
Does 50 divide 4400?
True
Is 6058 a multiple of 13?
True
Does 2 divide 120?
True
Is 5 a factor of 841?
False
Is 48 a multiple of 6?
True
Does 3 divide 160?
False
Is 140 a multiple of 70?
True
Is 23 a factor of 59747?
False
Does 43 divide 602?
True
Is 451 a multiple of 12?
False
Is 180 a multiple of 20?
True
Is 61984 a multiple of 208?
True
Does 9 divide 726?
False
Is 65354 a multiple of 196?
False
Is 169 a factor of 25192?
False
Is 8 a factor of 440?
True
Is 28 a multiple of 3?
False
Is 9 a factor of 21771?
True
Is 431 a multiple of 3?
False
Does 22 divide 1298?
True
Is 7567 a multiple of 34?
False
Is 8 a factor of 22042?
False
Is 20 a factor of 3940?
True
Is 361 a multiple of 19?
True
Is 24 a factor of 6528?
True
Is 28 even?
True
Is 2328 a multiple of 8?
True
Is 112266 a multiple of 154?
True
Is 2036 a multiple of 59?
False
Is 117 a factor of 11415?
False
Is 75 a factor of 27507?
False
Does 66 divide 8316?
True
Does 67 divide 143302?
False
Does 68 divide 20128?
True
Is 53 a factor of 3975?
True
Is 1120 a multiple of 34?
False
Is 14 a factor of 159?
False
Is 6 a factor of 1926?
True
Does 24 divide 1104?
True
Does 59 divide 159?
False
Does 62 divide 641?
False
Is 3850 a multiple of 35?
True
Is 2007 a multiple of 3?
True
Is 430 a multiple of 10?
True
Is 6457 a multiple of 11?
True
Is 75 a factor of 10350?
True
Is 63 a factor of 1120?
False
Is 222 a multiple of 53?
False
Is 7 a factor of 733?
False
Is 3 a factor of 9087?
True
Is 95 a multiple of 9?
False
Is 20770 a multiple of 31?
True
Does 47 divide 3360?
False
Is 26118 a multiple of 9?
True
Does 9 divide 116?
False
Is 8514 a multiple of 22?
True
Is 1136 a multiple of 11?
False
Does 133 divide 8402?
False
Does 87 divide 53592?
True
Is 13430 a multiple of 11?
False
Is 17 a factor of 171?
False
Is 37 a factor of 1030?
False
Is 460 a multiple of 10?
True
Is 2060 a multiple of 10?
True
Is 39 a factor of 741?
True
Is 4836 a multiple of 22?
False
Is 752 a multiple of 4?
True
Is 841 a multiple of 29?
True
Does 8 divide 931?
False
Is 23 a factor of 1932?
True
Is 7 a factor of 742?
True
Is 7588 a multiple of 12?
False
Does 51 divide 9282?
True
Is 75556 a multiple of 9?
False
Is 32 a factor of 31360?
True
Is 700 a multiple of 3?
False
Does 5 divide 7210?
True
Does 7 divide 2846?
False
Is 180 a multiple of 9?
True
Is 672 a multiple of 8?
True
Is 57 a factor of 1214?
False
Does 41 divide 1246?
False
Is 8 a factor of 2368?
True
Does 116 divide 2436?
True
Is 1131 a multiple of 2?
False
Is 12889 a multiple of 29?
False
Is 14 a factor of 214?
False
Is 16 a factor of 4901?
False
Is 352 a multiple of 10?
False
Does 4 divide 32?
True
Is 23 a factor of 506?
True
Is 21606 a multiple of 277?
True
Is 42 a factor of 12180?
True
Does 111 divide 12876?
True
Is 638 a multiple of 58?
True
Is 1040 a multiple of 8?
True
Does 11 divide 9174?
True
Is 269 a multiple of 19?
False
Does 8 divide 2115?
False
Does 13 divide 338?
True
Is 3 a factor of 19234?
False
Is 29 a factor of 10208?
True
Is 6 a factor of 32?
False
Does 86 divide 3956?
True
Is 144 a factor of 7938?
False
Does 3 divide 1807?
False
Does 13 divide 5567?
False
Is 53 a factor of 1219?
True
Is 195 a multiple of 15?
True
Is 30 a factor of 183?
False
Is 61 a factor of 6286?
False
Is 105 a factor of 5136?
False
Is 7 a factor of 16723?
True
Is 500 a multiple of 2?
True
Is 89556 a multiple of 12?
True
Is 72107 a multiple of 126?
False
Is 2537 a multiple of 43?
True
Is 18 a multiple of 3?
True
Is 1666 a multiple of 11?
False
Is 1723 a multiple of 5?
False
Does 39 divide 18532?
False
Is 86 a factor of 10320?
True
Does 3 divide 383?
False
Is 278 a multiple of 4?
False
Is 392 a factor of 65224?
False
Is 3228 a multiple of 12?
True
Is 41 a factor of 2200?
False
Is 103 a factor of 824?
True
Does 13 divide 52?
True
Is 70 a factor of 3430?
True
Is 12385 a multiple of 24?
False
Is 9213 a multiple of 111?
True
Is 4 a factor of 4?
True
Does 8 divide 1992?
True
Does 56 divide 4990?
False
Is 17250 a multiple of 69?
True
Does 13 divide 7176?
True
Does 50 divide 1692?
False
Does 12 divide 144?
True
Does 45 divide 119025?
True
Does 22 divide 6302?
False
Does 46 divide 10439?
False
Does 15 divide 8430?
True
Is 315 a multiple of 3?
True
Is 903 even?
False
Is 17 a factor of 11631?
False
Does 4 divide 105?
False
Is 19233 a multiple of 51?
False
Does 7 divide 1400?
True
Is 12 a factor of 18408?
True
Does 5 divide 160?
True
Does 156 divide 16624?
False
Is 13 a factor of 6435?
True
Does 9 divide 6531?
False
Is 53265 a multiple of 67?
True
Is 3 a factor of 2583?
True
Is 2052 a multiple of 9?
True
Does 45 divide 7245?
True
Is 1774 a multiple of 44?
False
Does 80 divide 24720?
True
Is 442 a factor of 92820?
True
Does 117 divide 41184?
True
Does 89 divide 9345?
True
Is 58 a factor of 16588?
True
Is 7285 a multiple of 7?
False
Is 87 a factor of 70035?
True
Is 17226 a multiple of 99?
True
Does 20 divide 1260?
True
Is 38724 a multiple of 28?
True
Is 59 a factor of 734?
False
Does 96 divide 6144?
True
Does 57 divide 1368?
True
Is 15830 a multiple of 10?
True
Is 2 a factor of 171?
False
Is 6 a factor of 1752?
True
Does 15 divide 15321?
False
Is 93 a factor of 2139?
True
Does 143 divide 23817?
False
Does 21 divide 1715?
False
Does 69 divide 12903?
True
Is 21018 a multiple of 186?
True
Is 77442 a multiple of 119?
False
Does 8 divide 3768?
True
Is 15076 a multiple of 13?
False
Does 6 divide 537?
False
Is 980 a multiple of 14?
True
Is 479 a multiple of 79?
False
Does 13 divide 312?
True
Is 8 a factor of 312?
True
Is 7 a factor of 18950?
False
Does 74 divide 518?
True
Is 18 a factor of 47282?
False
Is 3 a factor of 66?
True
Does 42 divide 2898?
True
Is 29467 a multiple of 32?
False
Is 95 a multiple of 2?
False
Does 45 divide 12651?
False
Does 31 divide 1984?
True
Is 6561 a multiple of 27?
True
Is 25 a factor of 3050?
True
Does 8 divide 15765?
False
Is 2897 a multiple of 23?
False
Does 46 divide 598?
True
Does 8 divide 1408?
True
Is 2 a factor of 454?
True
Is 2841 a multiple of 7?
False
Is 29 a multiple of 6?
False
Is 8373 a multiple of 36?
False
Is 6786 a multiple of 9?
True
Is 9 a factor of 377?
False
Is 4332 a multiple of 24?
False
Is 30144 a multiple of 96?
True
Is 90 a factor of 14654?
False
Is 7 a factor of 889?
True
Does 43 divide 13330?
True
Does 25 divide 6700?
True
Is 11 a factor of 86559?
True
Is 20 a factor of 2590?
False
Is 5828 a multiple of 7?
False
Is 2986 a multiple of 5?
False
Is 919 a multiple of 14?
False
Does 193 divide 151941?
False
Does 17 divide 13515?
True
Does 17 divide 663?
True
Is 25 a factor of 1400?
True
Is 31 a factor of 4940?
False
Is 106 a multiple of 7?
False
Is 14 a factor of 10976?
True
Is 26 a factor of 350?
False
Is 678 a multiple of 16?
False
Is 15 a factor of 1575?
True
Is 20